e i(63).
2
Let t(r) = 81842*r - 572857. Determine t(7).
37
Let c(z) = -z**3 - 25*z**2 - 90*z + 83. Determine c(-4).
107
Let n(y) = -3*y - 103. Determine n(5).
-118
Let g(n) = -18*n**3 + 1820*n**2 - 154*n - 4862. Calculate g(101).
-14
Let m(w) = w**2 + 1018*w + 188858. Give m(-244).
2
Let l(b) = 5*b**3 + 2088*b**2 + 131923*b + 1041. Calculate l(-340).
21
Let s(d) = -35*d**2 - 587*d - 11. What is s(-20)?
-2271
Let f(m) = -1601*m + 760385. Calculate f(475).
-90
Let j(k) = 1549*k - 8014. Calculate j(3).
-3367
Let o(a) = 3527*a - 362651. Calculate o(103).
630
Let r(h) = 1464*h - 55597. Give r(38).
35
Let d(i) = 3*i**2 - 1254*i + 27249. Give d(395).
-6
Let w(r) = -1103*r + 13558. What is w(13)?
-781
Let t(a) = -118006*a + 1416289. Determine t(12).
217
Let h(q) = 3*q**3 + 35*q**2 + 29*q - 24. Determine h(-10).
186
Let g(i) = 24*i**2 + 2265*i + 22752. What is g(-10)?
2502
Let n(t) = 8*t + 593. Calculate n(-48).
209
Let z(p) = -1304*p - 564635. Determine z(-433).
-3
Let w(q) = -q**2 - 16*q + 50. Give w(22).
-786
Let s(i) = 4064*i - 16166. Give s(4).
90
Let t(u) = u**2 + 23*u - 178. Determine t(13).
290
Let r(x) = -6*x**3 + 162*x**2 - 623*x + 25. Calculate r(23).
-1608
Let z(o) = -1224*o + 11853. What is z(9)?
837
Let s(n) = -34583*n - 2005816. Determine s(-58).
-2
Let t(v) = -16*v**2 - 333*v + 797. Calculate t(0).
797
Let p(t) = 21*t**2 + 1432*t - 1192. Determine p(-69).
-19
Let p(o) = 153662*o + 921568. Give p(-6).
-404
Let r(y) = -2*y**3 - 147*y**2 - 1458*y - 1868. Give r(-10).
12
Let t(p) = p**2 - 166*p - 16502. What is t(-70)?
18
Let l(a) = 2*a**3 + 11*a**2 + 57*a - 55. Give l(-10).
-1525
Let j(k) = -14612*k + 43836. Calculate j(3).
0
Let d(x) = 86*x**3 - 20383*x**2 + 234*x + 732. Give d(237).
21
Let o(r) = -166*r - 3481. Give o(-6).
-2485
Let c(s) = -4*s**3 + 62*s**2 + 108*s - 1272. Calculate c(17).
-1170
Let u(z) = 59*z**2 + 57. Calculate u(0).
57
Let a(k) = -28*k**2 + 702*k - 3430. Give a(8).
394
Let b(s) = -1286*s - 15542. Determine b(-12).
-110
Let p(t) = 12*t**2 - 6243*t + 49942. Determine p(8).
766
Let t(b) = b**3 + 8*b**2 + 27028*b + 216218. Calculate t(-8).
-6
Let x(n) = -2*n**3 - 157*n**2 - 1711*n + 120. Give x(-12).
1500
Let i(w) = 20*w**3 + 81*w - 262. What is i(4)?
1342
Let x(b) = -3499*b + 1548. What is x(0)?
1548
Let n(k) = -k**3 + 517*k**2 - 903*k - 328410. What is n(514)?
36
Let r(o) = 427*o**2 + 1620*o - 351. Calculate r(-4).
1
Let f(c) = 105461*c - 92594754. Determine f(878).
4
Let g(s) = 11*s**3 + 12*s**2 - 50*s + 5. Determine g(3).
260
Let n(y) = -94*y**3 - 31*y**2 + 34*y + 176. What is n(-2)?
736
Let c(o) = -63*o**2 + 608*o - 881. Calculate c(8).
-49
Let l(k) = 2*k**3 - 38*k**2 - 13*k + 251. Calculate l(19).
4
Let d(a) = -15627*a - 31256. Calculate d(-2).
-2
Let m(t) = t**3 - 86*t**2 + 174*t - 583. Give m(84).
-79
Let t(p) = -148*p**2 + 58952*p + 58951. Calculate t(-1).
-149
Let y(v) = 3*v**3 - 1523*v**2 + 2551*v - 10521. Determine y(506).
105
Let y(w) = 3*w**3 + 3*w**2 - 212*w - 437. Give y(-2).
-25
Let g(v) = -321*v + 112222. Calculate g(350).
-128
Let x(s) = -s**2 - 2339*s - 767871. Determine x(-395).
9
Let k(a) = 2112*a + 3836. Determine k(-2).
-388
Let i(x) = 2*x**2 - 49*x + 186. Give i(18).
-48
Let u(m) = -2*m**2 - 977*m + 18708. Determine u(-507).
-51
Let q(b) = b**3 + 244*b**2 + 2344*b + 14. Determine q(-10).
-26
Let k(r) = r**3 + 20*r**2 - 119*r - 2110. Calculate k(-20).
270
Let h(z) = 81*z**2 + 1055*z - 4197. Give h(4).
1319
Let j(w) = 3*w**2 - 1197*w + 10528. Determine j(9).
-2
Let k(b) = 5150*b + 221464. What is k(-43)?
14
Let w(b) = b**2 - 476*b - 58236. Determine w(-101).
41
Let o(t) = -12*t**3 + 63*t**2 + 603*t - 665. Give o(1).
-11
Let n(p) = -6097*p - 158501. Give n(-26).
21
Let f(p) = -p**3 - 36*p**2 - 100*p + 139. Determine f(-32).
-757
Let d(p) = p**3 - 5*p**2 + 171*p + 5. Give d(11).
2612
Let n(v) = -16*v**2 + 3695*v - 10718. Give n(228).
-2
Let o(m) = -4*m**2 + 42*m - 80. What is o(11)?
-102
Let h(n) = 51*n**2 + 157*n - 1. What is h(-1)?
-107
Let l(x) = 4*x**2 - 21*x - 704. Determine l(-16).
656
Let t(i) = i**3 + 230*i**2 - 377*i - 87020. What is t(-230)?
-310
Let l(c) = 1022*c - 19465. What is l(19)?
-47
Let i(n) = -n**3 + 137*n**2 + 1428*n - 212728. Determine i(136).
-24
Let n(h) = -2*h**2 + 2722*h - 24346. Calculate n(9).
-10
Let p(t) = t**3 - 48*t**2 - 24*t - 6554. Determine p(51).
25
Let i(l) = 955734*l - 16247480. Give i(17).
-2
Let f(x) = -9226*x**2 - 239881*x - 115. Calculate f(-26).
15
Let j(o) = -31*o**2 - 835*o - 4591. Give j(-19).
83
Let a(s) = -26*s**2 - 3524*s - 15424. Calculate a(-131).
34
Let s(p) = -p**3 - 18*p**2 - 106*p - 1411. Determine s(-16).
-227
Let b(v) = v**2 - 16210*v - 1286822. Determine b(-79).
9
Let z(w) = -21*w**2 + 1152*w - 1048. Calculate z(54).
-76
Let n(o) = 353264*o + 1059786. Calculate n(-3).
-6
Let c(x) = 22586*x - 1129299. Determine c(50).
1
Let v(q) = -14*q**2 - 321*q + 283. Give v(-17).
1694
Let m(x) = -x**2 - 196*x + 2740. Calculate m(-209).
23
Let j(t) = -41*t**3 + 334*t**2 - 57*t + 25. What is j(8)?
-47
Let k(g) = -2*g**2 - 69*g - 343. Determine k(-34).
-309
Let z(o) = -o**3 + 9*o**2 - 4765*o - 44343. Give z(-9).
0
Let t(u) = 7*u**2 - 696*u + 2787. Determine t(4).
115
Let x(m) = m**3 + 79*m**2 + 86*m - 5215. Give x(-77).
21
Let f(z) = -z**3 + 243*z**2 - 335*z + 22502. Calculate f(242).
-4
Let k(r) = -r**3 - 20*r**2 - 37*r + 554. Determine k(-11).
-128
Let f(z) = 2*z**2 - 639*z + 33440. Give f(66).
-22
Let y(f) = 15678*f - 125449. Calculate y(8).
-25
Let w(s) = 2*s**3 - 6*s**2 + 11537*s - 11531. What is w(1)?
2
Let f(n) = 7*n**2 + 157*n - 913. What is f(18)?
4181
Let w(a) = 13*a**3 - 30*a**2 - 1484*a + 2978. Give w(2).
-6
Let k(s) = 388*s - 32643. Calculate k(80).
-1603
Let j(s) = 19253*s**2 - 96258*s - 34. Determine j(5).
1
Let p(z) = z**3 - 64*z**2 + 399*z - 2992. Determine p(58).
-34
Let k(z) = -z**3 + 32*z**2 - 140*z + 4052. What is k(25)?
4927
Let v(t) = -886*t + 7982. Calculate v(7).
1780
Let y(j) = 12*j**2 - 499*j + 5021. What is y(18)?
-73
Let g(r) = r**3 + 184*r**2 + 2855*r + 252. What is g(-17)?
-20
Let z(b) = -25*b**3 - 185*b**2 + 191*b - 6. Give z(1).
-25
Let h(l) = -2190*l + 492752. Determine h(225).
2
Let h(w) = 2*w**2 - 3599*w + 130416. Determine h(37).
-9
Let h(a) = -a**2 - 70603*a + 706131. What is h(10)?
1
Let z(d) = 24391*d + 975895. Determine z(-40).
255
Let x(y) = 7*y**2 - 9652*y + 38508. Calculate x(4).
12
Let l(t) = 3*t**3 + 511*t**2 + 1514*t + 21. Determine l(-3).
-3
Let c(x) = -9*x**3 + 1512*x**2 + 5*x - 830. Determine c(168).
10
Let y(o) = -7599*o**2 + 45600*o - 13. Determine y(6).
23
Let l(m) = 2*m**2 - 10079*m + 70454. Give l(7).
-1
Let g(a) = -52*a**2 - 1333*a + 489. Calculate g(-26).
-5
Let o(x) = 18172*x - 163556. Give o(9).
-8
Let v(h) = -331*h**2 + 5329*h + 11325. Determine v(18).
3
Let u(f) = 5*f**2 + 1836*f - 7331. Give u(4).
93
Let i(l) = -l**3 + 77*l**2 - 417*l + 9131. Calculate i(73).
6
Let r(g) = 130*g**2 - 744*g - 743. Give r(-1).
131
Let r(g) = 1987*g + 260383. Calculate r(-131).
86
Let v(o) = -9271*o + 658241. What is v(71)?
0
Let b(m) = -m**2 - 7419*m + 3582658. What is b(455)?
-12
Let o(p) = 7*p - 1398. Calculate o(59).
-985
Let q(g) = 78*g**2 - 1794*g + 1. Calculate q(23).
1
Let y(r) = -1625*r + 1374788. Calculate y(846).
38
Let v(t) = 5006*t - 40088. Calculate v(8).
-40
Let l(k) = -k**2 - 52108*k + 312647. Calculate l(6).
-37
Let v(w) = -3*w**2 - 242*w + 7256. Give v(-104).
-24
Let h(x) = -220*x + 34244. Determine h(156).
-76
Let s(j) = -10282*j - 174653. Give s(-17).
141
Let y(v) = 84356*v + 927916. Determine y(-11).
0
Let r(h) = 8158*h + 236587. Determine r(-29).
5
Let n(h) = -h**3 + 4*h**2 + 792*h + 3744. Determine n(-5).
9
Let t(k) = 10*k**2 + 2903*k - 36281. Determine t(12).
-5
Let p(t) = -t**2 + 263*t + 51095. What is p(-130)?
5
Let x(v) = -685559*v - 3. Give x(0).
-3
Let j(r) = -197*r**2 + 1167*r - 2326. Give j(2).
-780
Let v(j) = -4*j**3 - 1454*j**2 - 772*j - 16654. Determine v(-363).
44
Let a(l) = -l**3 - 3*l**2 - 47*l + 180. Determine a(4).
-120
Let d(q) = 2*q**3 + 14*q**2 - 7*q + 99. What is d(-11)?
-792
Let c(p) = -p**3 - 11*p**2 - 1851*p - 24401. Determine c(-13).
0
Let m(b) = -b**2 + 91*b + 31. Calculate m(22).
1549
Let j(a) = 2153*a - 96882. Calculate j(45).
3
Let f(p) = -p**3 - 972*p + 7216. Deter